thousands digit of o?
5
Let k = -187 + 197. Suppose 4*y - y = -3, 4*p = -y + 47. Let z = p - k. What is the units digit of z?
2
Suppose -5*o = -5*n - 835, n + 501 = 3*o - 3*n. Suppose 4*s - o = -d, 0*s + 162 = 4*s + 2*d. What is the units digit of s?
3
Suppose -2*c = -25*c + 44367. What is the units digit of c?
9
Let l be (-5)/(-6) + 10/60. Suppose -f = 5*j - l - 12, -4*j = 2*f - 8. What is the units digit of (-1)/f + 94/4?
4
Suppose -3 = -f + 3*v, 0*v - 3*v = 4*f + 3. Suppose 2*k = d + 4, -3*d + 6 = -f. Suppose 5 = 2*o + 1, k*o + 1 = m. What is the units digit of m?
7
Let g(d) = -d**3 + 25*d**2 - 44*d + 17. What is the units digit of g(23)?
3
Let r be (8/10)/((-4)/60). Let x be r/9*(-6)/4. Suppose -2*o + p + 42 = 0, -p = -3*o + x*p + 60. What is the units digit of o?
2
What is the thousands digit of (-1 - (225 + -8))*1*-9?
1
Let f = 10 - 24. Let k be 1*186*(-7)/f. What is the tens digit of ((-22)/(-33))/(2/k)?
3
Suppose 3*v = -v + 1468. Suppose 4*k + 2*x - v = 249, -3*k + 5*x + 475 = 0. What is the units digit of k?
5
Let y(g) = -49*g - 20. What is the hundreds digit of y(-7)?
3
Let c(b) = 18*b**2 + b. Let s be c(2). Suppose -s - 358 = -2*j. What is the units digit of j?
6
Let r(a) = -a + 8. Let h be r(4). Suppose -p + 16 = 6. What is the tens digit of (8 - p)*(-74)/h?
3
Suppose 3*i - 1798 = b, -3*b = 3*i - 1322 - 472. What is the hundreds digit of i?
5
Let h(q) = q**3 - 3*q**2 - 5*q - 40. What is the tens digit of h(10)?
1
Let n be 1*(3 - (-3 - -17)). Let w = 111 + n. Suppose -t + 10 = 3*s, -4*t = -s - 2*s - w. What is the units digit of t?
2
Suppose o + 1 = 9. Let d(g) = -14*g**2 - 1. Let y be d(-1). Let s = o - y. What is the tens digit of s?
2
Suppose 4 = 2*r - 6. Suppose -4*t = -t - r*o - 655, -t = -4*o - 223. What is the tens digit of t?
1
What is the units digit of (-6 + (-236)/20)*-25?
5
What is the units digit of (7 + 1386 - 2) + 2?
3
Suppose -52*v + 87204 = -13*v. What is the units digit of v?
6
Let p(r) = -r + 7. Let g be p(2). Suppose -3*l + 5*s = -435, -l - 3*s + 144 = -g*s. What is the units digit of l?
0
Let f be ((-2)/5)/(115/25 - 5). Suppose 0 = -l + i + 162, -4*i - 13 = -f. What is the tens digit of l?
5
Suppose 0 = s - 4*s + 6. What is the tens digit of s/10 - 2562/(-15)?
7
Let i = 3602 + -1402. What is the hundreds digit of i?
2
Let x = -653 + 807. What is the units digit of x?
4
Let l be 9/(-21) - 150/(-7). Suppose -l*o = -17*o - 228. What is the tens digit of o?
5
Suppose 4*f + 1 = -3*a, 2*a = 2*f + 2*f + 26. Let s be 28/12 + f/(-6). Suppose s*u - 5*j = 73, 4*u - 4*j - 111 = -11. What is the units digit of u?
6
Suppose 6*o - 1695 = 1983. What is the hundreds digit of o?
6
Let j(c) be the second derivative of c**4/3 - 7*c**3/6 - 9*c**2/2 + 42*c. What is the units digit of j(-7)?
6
Let b(s) = s**2 - 6*s - 8. Let q be b(7). What is the tens digit of (59 - -15) + 0 + q?
7
Suppose -2*s = 2*l - 122 - 184, -2*l = 5*s - 312. Suppose -2*k - 3*q = -l, -233 + 13 = -3*k + 2*q. What is the tens digit of k?
7
Let a(b) = -189*b**3 - b**2 - 2*b. Let v be (-12)/36 + (-2)/3. What is the units digit of a(v)?
0
Suppose n + n + 2 = 0, 2*n - 7 = -3*b. Suppose -232 = t - 5*t + 4*k, 0 = -4*t + b*k + 231. What is the units digit of t?
7
Suppose -4*z = 5*w - 4*w - 428, -4*w + 4*z = -1712. What is the units digit of w?
8
Let v(p) = -p + 13. Let k be v(7). Let z(w) = -w**2 + 15*w - 16. What is the tens digit of z(k)?
3
Let w(a) = -a**3 + 28*a**2 + 13*a - 29. What is the tens digit of w(28)?
3
Suppose 7 = 2*r - h, -4*r + 3*h + 29 = -2*h. Let t be r*-3 - (-15 - -2). Let w = 11 - t. What is the units digit of w?
1
Let u = 1 - -9. Let s(w) = w**3 - 9*w**2 - 7*w. Let m be s(10). Let q = m - u. What is the tens digit of q?
2
Let g = 30 - 25. Suppose 0 = 2*d + g*q - 3, -d = -q + 5*q. Suppose -4*k + 3 + 172 = 3*x, -4*x = d*k - 240. What is the tens digit of x?
6
Suppose 29*b + 6680 = 34*b. What is the hundreds digit of b?
3
Let x be (-1)/((-5)/15) - -9. Suppose 582 = x*k - 7*k + w, -2*k + 228 = 2*w. What is the units digit of k?
7
Suppose 2*j + 2*u - 10 = 0, 0*u = -2*u. Let y = j - -25. Suppose -i - p + y = 3*p, 0 = p. What is the tens digit of i?
3
Suppose 307*c - 303*c - 944 = 0. What is the tens digit of c?
3
Let f = -33 + 272. What is the hundreds digit of f?
2
Suppose -19*q = -27*q + 4704. Suppose -7*a + 0*a + q = 0. What is the tens digit of a?
8
Let y(i) = 2*i**3 + 4*i**2 + 2*i - 5. What is the units digit of y(3)?
1
Let r = 346 - -669. What is the units digit of r?
5
Let b = 4382 + -2293. What is the thousands digit of b?
2
Let f = 3720 - 2188. What is the thousands digit of f?
1
What is the hundreds digit of 2878/4 + (-11 - 299/(-26))?
7
Suppose c + 0*c = 1. Let i be (-1)/c*(3 + -5). Let z = i - -5. What is the units digit of z?
7
Let t = 26 - 16. Let h = t - 10. Let w = 25 + h. What is the tens digit of w?
2
Let b(w) be the third derivative of 0*w + 0 + 8*w**2 - 1/8*w**4 + 7/6*w**3. What is the tens digit of b(-8)?
3
Let h(x) = -x + 6. Let w be h(6). Let i = -105 + 110. Let l = i + w. What is the units digit of l?
5
Suppose -101*f - 10128 = -113*f. What is the units digit of f?
4
Suppose 14*q - 18*q = 0. Suppose q = 4*c - 5*b - 115, 0*c - 4*c + 85 = 5*b. Suppose -c - 10 = -d. What is the tens digit of d?
3
Let q(a) = a**3 - 8*a**2 + a - 6. Let p be q(8). Let c be (2/p)/(4/96). What is the tens digit of 308/c - (-1)/6?
1
Let u be (-94)/(-6) + 8/(-12). Suppose -3*k + 61 = 2*z, k - u = 4*k. What is the tens digit of z?
3
Suppose -d = 3 - 243. Suppose -3*y + 252 = -l, d = 5*y - 3*l - 176. What is the tens digit of y?
8
Suppose 5*w + 5*w + 80 = 0. Let g(x) = x**2 - x - 4. Let b be g(0). What is the units digit of 18 + w/b + 1?
1
Let z = 1 - -1. Suppose -p + 87 = 2*c, 4*c + z*p = -p + 169. What is the units digit of c?
6
Let d(j) = -4*j - 10. Suppose -2*z + 31 + 24 = -5*y, 70 = -5*y + 5*z. What is the tens digit of d(y)?
2
Let z(o) = -33*o - 2. Let k(g) = 560*g + 35. Let w(i) = 2*k(i) + 35*z(i). Let f be w(-5). Suppose -f = -7*v + 2*v. What is the tens digit of v?
3
Let v(d) = 6*d**2 + d**2 - 2*d - d**2 + 9. Let f be (-13 - -16) + (2 - (-4 + 6)). What is the tens digit of v(f)?
5
Suppose -2*h - x + 40 = 2*h, 0 = h - 4*x - 10. Let p(b) = 3 - b - h*b + 0*b. What is the tens digit of p(-4)?
4
Suppose 0 = 5*k - 4 - 16. Let j(l) = l**3 - 5*l**2 + 8*l + 3. What is the units digit of j(k)?
9
Let l(h) = 21*h**2 - 5*h + 14. Let j be l(4). Suppose 5*z = 5*r + 390, -4*z + 2*r - 4*r + j = 0. What is the tens digit of z?
8
Suppose 135 = -2*x - o, -x - x - 5*o - 131 = 0. Let u = x - -122. What is the tens digit of u?
5
What is the tens digit of ((-68)/6)/(-17) - 25948/(-12)?
6
Let v be (2 + 5)*((-48)/14 - -4). Suppose 2*b = 5*q - 526, -q + 3*b = v*b - 108. What is the hundreds digit of q?
1
Let l be (1 + -1)/(-3 - -2). Let g(f) = -2*f**3 - f**2 - f + 22. Let s be g(0). Let q = l + s. What is the tens digit of q?
2
Let m be (2 - 1) + 9/3. Suppose -2*z = -8 + m. What is the units digit of (-1)/(-4)*4 + z?
3
Let x be ((-10)/4)/((-6)/12). Suppose -2*c + 4 = -4*u, -x*c + 8 = -c + 4*u. Suppose -2*m + 26 + c = 0. What is the tens digit of m?
1
Let w(p) = -p**3 + 9*p**2 - p + 11. Let o be w(9). Suppose -79 + 319 = o*j. What is the units digit of j?
0
Suppose -2*p - 5*k = -2027, 7*k = -2*p + 6*k + 2007. What is the thousands digit of p?
1
Let w(s) = s**3 + 3*s**2 - 4*s + 3. Let y be w(2). Let o = y - 10. Suppose o*l = 2*h, l - 3*h + 11 = -l. What is the units digit of l?
2
What is the tens digit of 53/(4*5/180)?
7
Let w = -934 - -937. Let c = -235 - -329. Suppose 0 = -5*y - x - w*x + 99, 5*y = x + c. What is the tens digit of y?
1
Let l = -71 + 784. What is the tens digit of l?
1
Let f = 35 - 10. Suppose -139 - f = -4*h - 5*z, 3*z + 58 = h. What is the tens digit of h?
4
Suppose 3*i - 4*i + 5 = 0, 0 = 5*o - 2*i - 35. Let j = o + 15. What is the tens digit of j?
2
Let g(b) = b**3 - b**2 + b. Let l(j) = -j**2 + 2 + 4*j - 4*j**3 + 3 - j**2. Let s(q) = -3*g(q) - l(q). What is the units digit of s(-6)?
1
Let w be (-20)/12*6/2. Let b(n) = -8*n - 10. Let f be b(w). Suppose s = f + 39. What is the tens digit of s?
6
Suppose j + 4 + 0 = 0, 0 = -v - 2*j + 4063. Suppose -128 - v = -13*r. What is the tens digit of r?
2
Let q(n) = 4*n**2 - 30*n + 60. What is the tens digit of q(18)?